2 + 2*l + 3. Give p(h).
-7
Let r(m) = -m**3 - 5*m**2 - m + 7. Let y = -104 + 99. Give r(y).
12
Let o(a) = -a**3 + 10*a**2 + 11*a + 10. Let d be 4/18 + 48/27 + 9. Determine o(d).
10
Suppose -5*k - 4*n - 30 = 0, -4*n - 12 = k - 2*n. Let z = 2 + k. Let j(t) = -2*t**2 - 108. Let x(u) = -u**2 - 60. Let y(q) = -4*j(q) + 7*x(q). Determine y(z).
12
Let j(u) be the first derivative of 4*u**3 + u**2/2 + 32. Determine j(-1).
11
Suppose -42 = -43*q - 128. Let v(f) = f**3 - 4*f - 3. Give v(q).
-3
Let n(l) = -1 + 0*l - 2*l + l + 0. Calculate n(-1).
0
Let n(z) = 7*z**3 - 2*z + 9. Suppose -r = 3*s + 15, -r - 2*r - 5*s - 33 = 0. Let w(u) = -20*u**3 + u**2 + 6*u - 27. Let k(m) = r*w(m) - 17*n(m). Calculate k(6).
-3
Let u be -58 + 49 + (-1 - -10). Let w(k) = -k**2 + 2*k - 3. Calculate w(u).
-3
Let z(l) = l**2 - 14. Suppose 3*k = -5*o + 1, -8*k - 3 = -7*k. Suppose 4*w - w - o*d = 4, -6 = 3*d. Determine z(w).
-14
Let i(x) = -4*x**3 - 2*x**2 + 2*x - 1. Let s be i(1). Let g = -70 - -72. Let b(q) = -5*q - g*q + 4*q - 1 + 4*q. Determine b(s).
-6
Let p(l) = l**2 - 7. Suppose 7*h + 63 - 7 = 0. Let v = 8 + h. Calculate p(v).
-7
Suppose 0*n + 5 = 5*n. Let b(w) be the third derivative of -5*w**4/8 + w**3/6 - w**2 - 29*w. Calculate b(n).
-14
Let t = 498 - 484. Let n(f) = 2*f - 27. Give n(t).
1
Let w(l) = l**3 + 2*l + 4. Let g(b) = -3*b**3 + b**2 - 5*b - 11. Let p(x) = 3*g(x) + 8*w(x). Calculate p(4).
-13
Suppose -4*f = 1 - 13. Let x(o) = 4*o + 3*o**2 + o**f - 4*o**3 + 5 + 2*o**3. Calculate x(4).
5
Suppose 2*s - 6*s = 0. Suppose s = -w - 0*w. Let k(n) be the third derivative of n**6/120 + n**5/60 + n**4/24 - n**3/2 + 22*n**2. Determine k(w).
-3
Let q = 33 - 17. Let z(c) = c**3 - 15*c**2 - 17*c + 22. Determine z(q).
6
Let f(l) = 1 + 0*l**2 - l**2 - l**3 + 0*l**2. Suppose y - 142 = -143. Let h be f(y). Let b(u) = 5*u - 1. Calculate b(h).
4
Let n(r) = 9*r + 1. Let k(m) = -11*m - 1. Let i(a) = 6*k(a) + 5*n(a). What is i(1)?
-22
Let d(v) = v**2 + 4*v + 4. Let q be d(-4). Suppose 4 = 5*f - 3*f. Let s(k) = 4*k**2 - 4 - k**3 - 2*k**2 + f*k**2 + 3*k + k. What is s(q)?
12
Let b(m) = -50 + 19 + 12 + m + 15. Suppose -2*u - u = -9. Determine b(u).
-1
Let a(u) = -u**2 - 7*u + 21. Let h be a(-9). Let z(f) = 43 - 5*f - 18 + f**h + 6*f**2 - 17. Determine z(-7).
-6
Let q(g) be the third derivative of -g**6/120 - g**4/24 + 5*g**3/2 - 78*g**2 - 2. What is q(0)?
15
Let f(r) = -12*r - 10*r - r**2 - 7*r - 6 + 13*r - 10. Determine f(-15).
-1
Let q be 5/20*2*74/1. Let v(t) = q + 5*t - 3*t + 2*t**3 + 41 - 3*t**2 - 77. Let z = 2 - 0. Give v(z).
9
Let r(t) = 40*t**3 + 14*t**2 - 22*t - 9. Let o(x) = 10*x**3 + 3*x**2 - 5*x - 2. Let p(g) = -9*o(g) + 2*r(g). Give p(-1).
10
Suppose -26 - 30 = -7*j. Suppose -4*h + j*h - c = -24, 4*c = -5*h - 30. Let v(n) = n**3 + 7*n**2 + 8*n - 1. Give v(h).
-13
Let f(c) = 133 - 4*c + c - 133 - c. Give f(-2).
8
Let o(w) be the first derivative of -w**4/4 - 5*w**3/3 + w**2/2 + 3*w + 1. Suppose -41*h = -7*h - 71 + 241. Calculate o(h).
-2
Let k(w) = -6*w + 2 - 2*w + 11*w + 0*w. Calculate k(-1).
-1
Let s(a) be the third derivative of -a**6/120 - 7*a**5/60 - 5*a**4/24 - a**3/6 + 65*a**2. What is s(-6)?
-7
Let w(d) be the third derivative of d**5/60 - 5*d**4/24 - 2*d**3/3 + 42*d**2. Calculate w(5).
-4
Let j(d) = 15. Let b(k) = 7. Let p(f) = -13*b(f) + 6*j(f). Let l = -21 + 25. Let w(t) = 2*t + 2. Let s(r) = l*p(r) + w(r). Determine s(5).
8
Let k(g) be the second derivative of -g**4/12 + 2*g**3/3 - g**2 - 14*g + 5. Give k(3).
1
Let r(q) = 3*q**3 + 5*q**2 + 10*q + 4. Let g(b) be the first derivative of 5 + b**3 + 2*b + 5/2*b**2 + 1/4*b**4. Let z(s) = 5*g(s) - 2*r(s). What is z(6)?
-4
Let m be (-3)/2*(-18 - -16). Suppose m*q - 10 = -1. Let y(r) = r**2 + 2*r - 3. Determine y(q).
12
Let w(p) be the third derivative of -p**4/24 + 5*p**3/2 + p**2. Suppose -213 = -12*i - 57. Let f be w(i). Let k(n) = -2*n - 2. Determine k(f).
-6
Suppose 2*d + 12 + 0 = 0. Let h(r) be the third derivative of 0*r - 2*r**2 - 1/24*r**4 + 0 - 3/2*r**3. Calculate h(d).
-3
Let b(l) = -l**2 - 8*l - 2. Suppose -13*d - 142 = -64. What is b(d)?
10
Let v(t) be the third derivative of 1/6*t**3 - 1/30*t**5 - 16*t**2 + 0*t + 0 - 1/6*t**4. Give v(-3).
-5
Let c(k) = -32*k + k**3 + 14*k - 2 + 15*k - 3*k**2 - 1. What is c(3)?
-12
Let z(d) = d**2 + d - 5. Let u be (-4 + 3)/((-2)/(-46)). Let q = u + 26. Suppose -5*y = -q*y. Determine z(y).
-5
Suppose 9*a - 60 = 4*a. Let g be 35/11 - 4/22. Let x be g + 0*3/a. Let z(v) = -v**2 + 3*v - 3. Calculate z(x).
-3
Let p(o) be the third derivative of -o**6/120 - o**5/15 + o**4/24 + o**3 - 37*o**2. Determine p(-5).
26
Let s(v) be the second derivative of 1/60*v**5 + 1/24*v**4 - 3*v + 0 + 3*v**2 + 1/2*v**3 - 1/120*v**6. Let j(h) be the first derivative of s(h). What is j(0)?
3
Let w(x) = 64*x + 8 - 9 - 62*x - 2. What is w(4)?
5
Let m(w) = 2*w. Let q(y) be the third derivative of 2/3*y**3 - 1/120*y**6 + 0 + 5*y**2 + 1/8*y**4 - 1/30*y**5 + 0*y. Let b be q(-3). Determine m(b).
8
Let c(m) = m**3 - 7*m**2 + 7*m - 4. Suppose 0 = -5*w + 5*t + 35, -4 = -0*t + 4*t. Give c(w).
2
Let t = -821 - -822. Let x = -9 + 17. Let y(w) = -x*w - w + 3*w. Determine y(t).
-6
Let n(q) = -12 + 649*q - 637*q - 4*q**2 + 3 + 5*q**2. Give n(-9).
-36
Let s(q) be the third derivative of -q**5/60 - 5*q**4/8 - 8*q**3/3 + 72*q**2. Calculate s(-14).
-2
Let j(g) = -g. Let i = -28 + 34. Let k(n) = -2*n. Let m(v) = i*k(v) - 13*j(v). Give m(-4).
-4
Let j(g) = -7*g - 305. Let a be j(-43). Let x(o) = -4*o + 0 - 6 + 6*o + 3. Calculate x(a).
-11
Let j(w) = w**3 + 3*w**2 - 6*w + 2. Let o(q) = -11*q - 137. Let a be o(-12). Calculate j(a).
-18
Let u(p) = p**3 - 5*p**2 + 4*p - 1. Suppose 2*z - 25 = -5*m, 6*m - 4*z = 2*m - 8. Suppose -5*q + 3*q - 4*l = -8, -3 = -q - l. Suppose -m*j = -11 + q. Give u(j).
-7
Let i(t) = -t**3 - 5*t**2 - t + 7. Suppose 12 = 4*y - y, 2*y - 30 = -2*s. Suppose -s*a = -8*a + 3. Let c be -8 + (-12)/(-3) + a. Calculate i(c).
12
Let j(q) = q**3 + 10*q**2 - 10*q + 4. Suppose 244 = -9*o + 145. Determine j(o).
-7
Suppose 0 = -5*d + 6 + 14. Let p(q) = -3 + 2*q + q - q - d*q. Let f(l) = -4*l**2. Let v be f(1). Determine p(v).
5
Let m(y) be the third derivative of y**5/60 - y**4/3 + 7*y**3/6 + 132*y**2 - y. Give m(6).
-5
Let c(f) = 2*f**3 - 2*f**2 - f + 2. Let l be 1/2 + 6/(-12). Suppose -24 = 3*i + 5*g, g + 18 = -5*i - l*i. Let r be 2*(-3)/i*1. Calculate c(r).
8
Let i = 5 + -2. Suppose -2*z = i*t - 28, 6*z - z = 10. Let s be t/12*3 + -4. Let c(w) = -w**2 - 2*w + 1. What is c(s)?
1
Suppose 3*m = -5*f + 2*m - 29, 12*f = -5*m - 67. Let z(r) = r - 6. Calculate z(f).
-12
Let w be -12 + (10 - 7) + 7. Let l(v) = 0*v + 8 - 5 + 3*v. Give l(w).
-3
Let h(k) = 28*k - 74. Let s(m) = 13*m - 33. Let i(q) = -3*h(q) + 7*s(q). Calculate i(-7).
-58
Let m(i) be the first derivative of -6 - 1/2*i**2 - 1/3*i**3 + i + 1/2*i**4. What is m(1)?
1
Let j(y) be the third derivative of -1/6*y**3 + 1/60*y**5 + 0*y + 0 + 1/24*y**4 + 32*y**2. Give j(-2).
1
Let d(v) = -v**3 + 16*v**2 + 37*v - 8. Suppose -2*j = 2, 3*r - 12*j - 56 = -10*j. Calculate d(r).
10
Let a(f) be the second derivative of f**8/6720 - f**7/630 - f**6/144 - f**5/60 - 7*f**4/12 + 15*f. Let s(g) be the third derivative of a(g). Give s(5).
-2
Suppose -5*b + 6 = -4. Let p be (0/(-4))/((-4)/b). Suppose p = 2*s + 21 - 9. Let k(c) = c**3 + 7*c**2 + 6*c + 6. Give k(s).
6
Let d be (3/(-2))/((-6)/(-8)). Let v(l) = 8 + 1548*l - 1547*l - 10. What is v(d)?
-4
Let v be 3*4*4/16. Let i be 1*(v + 0 - -4). Suppose i = 4*y - 9. Let u(r) = 3*r - 6. What is u(y)?
6
Let z(h) be the third derivative of 0*h - 25/6*h**3 + 0 - 1/60*h**5 - 1/2*h**4 - 9*h**2. Let u be z(-10). Let r(p) = -p**2 - 5*p - 1. Determine r(u).
-1
Let t(z) be the first derivative of 1/12*z**4 - 7 - z**2 - 1/6*z**3 + 7*z. Let d(u) be the first derivative of t(u). Determine d(2).
0
Let n(p) = -12*p - 4. Let y(u) = 14*u + 7. Let f(j) = 4*n(j) + 3*y(j). What is f(-10)?
65
Let s(q) = -2*q**2 + 2*q + 1. Let g(a) = a. Let h = -75 + 71. Let w(l) = h*g(l) + s(l). Let v(f) = -f**3 + 2*f**2 + 4*f - 2. Let x be v(3). What is w(x)?
-3
Let f(n) = -n**3 - 10*n**2 + n + 4. Let x be f(-10). Let c(a) = a - 1. Let k(p) = p. Let r(y) = -c(y) + 2*k(y). Calculate r(x).
-5
Let b(h) = h**3 + 5*h**2 + h + 6. Let w be b(-5). Let q = 2 - -3. Let r(n) = -q*n 